{"id":216,"date":"2024-04-26T15:13:15","date_gmt":"2024-04-26T15:13:15","guid":{"rendered":"https:\/\/radiosensacion.org\/radio\/?page_id=216"},"modified":"2024-04-26T15:15:32","modified_gmt":"2024-04-26T15:15:32","slug":"caracas-billos-y-sus-invitados","status":"publish","type":"page","link":"https:\/\/radiosensacion.org\/radio\/caracas-billos-y-sus-invitados\/","title":{"rendered":"Caracas Billos y sus Invitados"},"content":{"rendered":"\t\t<div data-elementor-type=\"wp-page\" data-elementor-id=\"216\" class=\"elementor elementor-216\" data-elementor-settings=\"{&quot;ha_cmc_init_switcher&quot;:&quot;no&quot;}\" data-elementor-post-type=\"page\">\n\t\t\t\t\t\t<section class=\"elementor-section elementor-top-section elementor-element elementor-element-664804f elementor-section-boxed elementor-section-height-default elementor-section-height-default\" data-id=\"664804f\" data-element_type=\"section\" data-e-type=\"section\" data-settings=\"{&quot;_ha_eqh_enable&quot;:false}\">\n\t\t\t\t\t\t<div class=\"elementor-container elementor-column-gap-default\">\n\t\t\t\t\t<div class=\"elementor-column elementor-col-50 elementor-top-column elementor-element elementor-element-12b02bb\" data-id=\"12b02bb\" data-element_type=\"column\" data-e-type=\"column\">\n\t\t\t<div class=\"elementor-widget-wrap elementor-element-populated\">\n\t\t\t\t\t\t<div class=\"elementor-element elementor-element-b42a458 elementor-widget elementor-widget-image\" data-id=\"b42a458\" data-element_type=\"widget\" data-e-type=\"widget\" data-widget_type=\"image.default\">\n\t\t\t\t<div class=\"elementor-widget-container\">\n\t\t\t\t\t\t\t\t\t\t\t\t\t\t\t<img fetchpriority=\"high\" decoding=\"async\" width=\"596\" height=\"596\" src=\"https:\/\/i0.wp.com\/radiosensacion.org\/radio\/wp-content\/uploads\/2024\/04\/Caracas-Billos-y-sus-Invitados_bnn.jpg?fit=596%2C596&amp;ssl=1\" class=\"attachment-large size-large wp-image-218\" alt=\"\" srcset=\"https:\/\/i0.wp.com\/radiosensacion.org\/radio\/wp-content\/uploads\/2024\/04\/Caracas-Billos-y-sus-Invitados_bnn.jpg?w=596&amp;ssl=1 596w, https:\/\/i0.wp.com\/radiosensacion.org\/radio\/wp-content\/uploads\/2024\/04\/Caracas-Billos-y-sus-Invitados_bnn.jpg?resize=300%2C300&amp;ssl=1 300w, https:\/\/i0.wp.com\/radiosensacion.org\/radio\/wp-content\/uploads\/2024\/04\/Caracas-Billos-y-sus-Invitados_bnn.jpg?resize=150%2C150&amp;ssl=1 150w\" sizes=\"(max-width: 596px) 100vw, 596px\" \/>\t\t\t\t\t\t\t\t\t\t\t\t\t\t\t<\/div>\n\t\t\t\t<\/div>\n\t\t\t\t\t<\/div>\n\t\t<\/div>\n\t\t\t\t<div class=\"elementor-column elementor-col-50 elementor-top-column elementor-element elementor-element-706d7da\" data-id=\"706d7da\" data-element_type=\"column\" data-e-type=\"column\">\n\t\t\t<div class=\"elementor-widget-wrap elementor-element-populated\">\n\t\t\t\t\t\t<div class=\"elementor-element elementor-element-4f6fe11 elementor-widget elementor-widget-text-editor\" data-id=\"4f6fe11\" data-element_type=\"widget\" data-e-type=\"widget\" data-widget_type=\"text-editor.default\">\n\t\t\t\t<div class=\"elementor-widget-container\">\n\t\t\t\t\t\t\t\t\t<p>Luis Peroza los invita a disfrutar de su programa dominical Carcas Billos y sus invitados. En el encontraran buena m\u00fasica, efem\u00e9rides, cumplea\u00f1os, hor\u00f3scopos y m\u00e1s.<\/p><p><strong>TRANSMITE<\/strong>: Todos los domingos 07:00 a.m. a 9:00 a.m.<\/p><p><strong>PRODUCCI\u00d3N<\/strong>:\u00a0<br \/>Locutor Luis Peroza<\/p>\t\t\t\t\t\t\t\t<\/div>\n\t\t\t\t<\/div>\n\t\t\t\t\t<\/div>\n\t\t<\/div>\n\t\t\t\t\t<\/div>\n\t\t<\/section>\n\t\t\t\t<\/div>\n\t\t","protected":false},"excerpt":{"rendered":"<p>Luis Peroza los invita a disfrutar de su programa dominical Carcas Billos y sus invitados. En el encontraran buena m\u00fasica, efem\u00e9rides, cumplea\u00f1os, hor\u00f3scopos y m\u00e1s. TRANSMITE: Todos los domingos 07:00 a.m. a 9:00 a.m. PRODUCCI\u00d3N:\u00a0Locutor Luis Peroza<\/p>\n","protected":false},"author":1,"featured_media":218,"parent":0,"menu_order":0,"comment_status":"closed","ping_status":"closed","template":"","meta":{"footnotes":""},"class_list":["post-216","page","type-page","status-publish","has-post-thumbnail","hentry"],"jetpack_sharing_enabled":true,"rttpg_featured_image_url":{"full":["https:\/\/i0.wp.com\/radiosensacion.org\/radio\/wp-content\/uploads\/2024\/04\/Caracas-Billos-y-sus-Invitados_bnn.jpg?fit=596%2C596&ssl=1",596,596,false],"landscape":["https:\/\/radiosensacion.org\/radio\/wp-content\/uploads\/2024\/04\/Caracas-Billos-y-sus-Invitados_bnn.jpg",596,596,false],"portraits":["https:\/\/radiosensacion.org\/radio\/wp-content\/uploads\/2024\/04\/Caracas-Billos-y-sus-Invitados_bnn.jpg",596,596,false],"thumbnail":["https:\/\/i0.wp.com\/radiosensacion.org\/radio\/wp-content\/uploads\/2024\/04\/Caracas-Billos-y-sus-Invitados_bnn.jpg?resize=150%2C150&ssl=1",150,150,true],"medium":["https:\/\/i0.wp.com\/radiosensacion.org\/radio\/wp-content\/uploads\/2024\/04\/Caracas-Billos-y-sus-Invitados_bnn.jpg?fit=300%2C300&ssl=1",300,300,true],"large":["https:\/\/i0.wp.com\/radiosensacion.org\/radio\/wp-content\/uploads\/2024\/04\/Caracas-Billos-y-sus-Invitados_bnn.jpg?fit=596%2C596&ssl=1",596,596,true],"1536x1536":["https:\/\/i0.wp.com\/radiosensacion.org\/radio\/wp-content\/uploads\/2024\/04\/Caracas-Billos-y-sus-Invitados_bnn.jpg?fit=596%2C596&ssl=1",596,596,true],"2048x2048":["https:\/\/i0.wp.com\/radiosensacion.org\/radio\/wp-content\/uploads\/2024\/04\/Caracas-Billos-y-sus-Invitados_bnn.jpg?fit=596%2C596&ssl=1",596,596,true]},"rttpg_author":{"display_name":"admin","author_link":"https:\/\/radiosensacion.org\/radio\/author\/admin\/"},"rttpg_comment":0,"rttpg_category":null,"rttpg_excerpt":"Luis Peroza los invita a disfrutar de su programa dominical Carcas Billos y sus invitados. En el encontraran buena m\u00fasica, efem\u00e9rides, cumplea\u00f1os, hor\u00f3scopos y m\u00e1s. TRANSMITE: Todos los domingos 07:00 a.m. a 9:00 a.m. PRODUCCI\u00d3N:\u00a0Locutor Luis Peroza","_links":{"self":[{"href":"https:\/\/radiosensacion.org\/radio\/wp-json\/wp\/v2\/pages\/216","targetHints":{"allow":["GET"]}}],"collection":[{"href":"https:\/\/radiosensacion.org\/radio\/wp-json\/wp\/v2\/pages"}],"about":[{"href":"https:\/\/radiosensacion.org\/radio\/wp-json\/wp\/v2\/types\/page"}],"author":[{"embeddable":true,"href":"https:\/\/radiosensacion.org\/radio\/wp-json\/wp\/v2\/users\/1"}],"replies":[{"embeddable":true,"href":"https:\/\/radiosensacion.org\/radio\/wp-json\/wp\/v2\/comments?post=216"}],"version-history":[{"count":4,"href":"https:\/\/radiosensacion.org\/radio\/wp-json\/wp\/v2\/pages\/216\/revisions"}],"predecessor-version":[{"id":221,"href":"https:\/\/radiosensacion.org\/radio\/wp-json\/wp\/v2\/pages\/216\/revisions\/221"}],"wp:featuredmedia":[{"embeddable":true,"href":"https:\/\/radiosensacion.org\/radio\/wp-json\/wp\/v2\/media\/218"}],"wp:attachment":[{"href":"https:\/\/radiosensacion.org\/radio\/wp-json\/wp\/v2\/media?parent=216"}],"curies":[{"name":"wp","href":"https:\/\/api.w.org\/{rel}","templated":true}]}}