{"id":210,"date":"2024-04-26T15:09:01","date_gmt":"2024-04-26T15:09:01","guid":{"rendered":"https:\/\/radiosensacion.org\/radio\/?page_id=210"},"modified":"2024-04-26T15:12:12","modified_gmt":"2024-04-26T15:12:12","slug":"un-pedazo-de-mi-tierra","status":"publish","type":"page","link":"https:\/\/radiosensacion.org\/radio\/un-pedazo-de-mi-tierra\/","title":{"rendered":"Un Pedazo de mi Tierra"},"content":{"rendered":"\t\t<div data-elementor-type=\"wp-page\" data-elementor-id=\"210\" class=\"elementor elementor-210\" data-elementor-settings=\"{&quot;ha_cmc_init_switcher&quot;:&quot;no&quot;}\" data-elementor-post-type=\"page\">\n\t\t\t\t\t\t<section class=\"elementor-section elementor-top-section elementor-element elementor-element-04bc010 elementor-section-boxed elementor-section-height-default elementor-section-height-default\" data-id=\"04bc010\" data-element_type=\"section\" data-e-type=\"section\" data-settings=\"{&quot;_ha_eqh_enable&quot;:false}\">\n\t\t\t\t\t\t<div class=\"elementor-container elementor-column-gap-default\">\n\t\t\t\t\t<div class=\"elementor-column elementor-col-50 elementor-top-column elementor-element elementor-element-06b2ba8\" data-id=\"06b2ba8\" data-element_type=\"column\" data-e-type=\"column\">\n\t\t\t<div class=\"elementor-widget-wrap elementor-element-populated\">\n\t\t\t\t\t\t<div class=\"elementor-element elementor-element-72dc76e elementor-widget elementor-widget-image\" data-id=\"72dc76e\" data-element_type=\"widget\" data-e-type=\"widget\" data-widget_type=\"image.default\">\n\t\t\t\t<div class=\"elementor-widget-container\">\n\t\t\t\t\t\t\t\t\t\t\t\t\t\t\t<img fetchpriority=\"high\" decoding=\"async\" width=\"500\" height=\"500\" src=\"https:\/\/i0.wp.com\/radiosensacion.org\/radio\/wp-content\/uploads\/2024\/04\/Un-Pedazo-de-mi-Tierra_bnn.jpg?fit=500%2C500&amp;ssl=1\" class=\"attachment-large size-large wp-image-212\" alt=\"\" srcset=\"https:\/\/i0.wp.com\/radiosensacion.org\/radio\/wp-content\/uploads\/2024\/04\/Un-Pedazo-de-mi-Tierra_bnn.jpg?w=500&amp;ssl=1 500w, https:\/\/i0.wp.com\/radiosensacion.org\/radio\/wp-content\/uploads\/2024\/04\/Un-Pedazo-de-mi-Tierra_bnn.jpg?resize=300%2C300&amp;ssl=1 300w, https:\/\/i0.wp.com\/radiosensacion.org\/radio\/wp-content\/uploads\/2024\/04\/Un-Pedazo-de-mi-Tierra_bnn.jpg?resize=150%2C150&amp;ssl=1 150w\" sizes=\"(max-width: 500px) 100vw, 500px\" \/>\t\t\t\t\t\t\t\t\t\t\t\t\t\t\t<\/div>\n\t\t\t\t<\/div>\n\t\t\t\t\t<\/div>\n\t\t<\/div>\n\t\t\t\t<div class=\"elementor-column elementor-col-50 elementor-top-column elementor-element elementor-element-6aea6e3\" data-id=\"6aea6e3\" data-element_type=\"column\" data-e-type=\"column\">\n\t\t\t<div class=\"elementor-widget-wrap elementor-element-populated\">\n\t\t\t\t\t\t<div class=\"elementor-element elementor-element-385aba4 elementor-widget elementor-widget-text-editor\" data-id=\"385aba4\" data-element_type=\"widget\" data-e-type=\"widget\" data-widget_type=\"text-editor.default\">\n\t\t\t\t<div class=\"elementor-widget-container\">\n\t\t\t\t\t\t\t\t\t<p>El programa m\u00e1s criollito de los s\u00e1bados. Efem\u00e9rides, leyendas, sitios tur\u00edsticos, personajes hist\u00f3ricos, cultura,\u00a0 gastronom\u00eda, concursos y la mejor m\u00fasica del folclore venezolano.<\/p><p><strong>TRANSMITE<\/strong>: Todos los s\u00e1bados 07:00 a.m. a 12:00 p.m.<\/p><p><strong>Redes Sociales<\/strong>:<br \/><a href=\"https:\/\/www.instagram.com\/unpedazodemitierra\/\" target=\"_blank\" rel=\"noopener\">Instagram<\/a><\/p><p><strong>PRODUCCI\u00d3N<\/strong>:\u00a0<br \/><strong>Locutores<\/strong>: Miriam Torrealba y El\u00edas Campos <br \/><strong>Productora<\/strong>: Kemyeli Carola Campos <\/p>\t\t\t\t\t\t\t\t<\/div>\n\t\t\t\t<\/div>\n\t\t\t\t\t<\/div>\n\t\t<\/div>\n\t\t\t\t\t<\/div>\n\t\t<\/section>\n\t\t\t\t<\/div>\n\t\t","protected":false},"excerpt":{"rendered":"<p>El programa m\u00e1s criollito de los s\u00e1bados. Efem\u00e9rides, leyendas, sitios tur\u00edsticos, personajes hist\u00f3ricos, cultura,\u00a0 gastronom\u00eda, concursos y la mejor m\u00fasica del folclore venezolano. TRANSMITE: Todos los s\u00e1bados 07:00 a.m. a 12:00 p.m. Redes Sociales:Instagram PRODUCCI\u00d3N:\u00a0Locutores: Miriam Torrealba y El\u00edas Campos Productora: Kemyeli Carola Campos<\/p>\n","protected":false},"author":1,"featured_media":212,"parent":0,"menu_order":0,"comment_status":"closed","ping_status":"closed","template":"","meta":{"footnotes":""},"class_list":["post-210","page","type-page","status-publish","has-post-thumbnail","hentry"],"jetpack_sharing_enabled":true,"rttpg_featured_image_url":{"full":["https:\/\/i0.wp.com\/radiosensacion.org\/radio\/wp-content\/uploads\/2024\/04\/Un-Pedazo-de-mi-Tierra_bnn.jpg?fit=500%2C500&ssl=1",500,500,false],"landscape":["https:\/\/radiosensacion.org\/radio\/wp-content\/uploads\/2024\/04\/Un-Pedazo-de-mi-Tierra_bnn.jpg",500,500,false],"portraits":["https:\/\/radiosensacion.org\/radio\/wp-content\/uploads\/2024\/04\/Un-Pedazo-de-mi-Tierra_bnn.jpg",500,500,false],"thumbnail":["https:\/\/i0.wp.com\/radiosensacion.org\/radio\/wp-content\/uploads\/2024\/04\/Un-Pedazo-de-mi-Tierra_bnn.jpg?resize=150%2C150&ssl=1",150,150,true],"medium":["https:\/\/i0.wp.com\/radiosensacion.org\/radio\/wp-content\/uploads\/2024\/04\/Un-Pedazo-de-mi-Tierra_bnn.jpg?fit=300%2C300&ssl=1",300,300,true],"large":["https:\/\/i0.wp.com\/radiosensacion.org\/radio\/wp-content\/uploads\/2024\/04\/Un-Pedazo-de-mi-Tierra_bnn.jpg?fit=500%2C500&ssl=1",500,500,true],"1536x1536":["https:\/\/i0.wp.com\/radiosensacion.org\/radio\/wp-content\/uploads\/2024\/04\/Un-Pedazo-de-mi-Tierra_bnn.jpg?fit=500%2C500&ssl=1",500,500,true],"2048x2048":["https:\/\/i0.wp.com\/radiosensacion.org\/radio\/wp-content\/uploads\/2024\/04\/Un-Pedazo-de-mi-Tierra_bnn.jpg?fit=500%2C500&ssl=1",500,500,true]},"rttpg_author":{"display_name":"admin","author_link":"https:\/\/radiosensacion.org\/radio\/author\/admin\/"},"rttpg_comment":0,"rttpg_category":null,"rttpg_excerpt":"El programa m\u00e1s criollito de los s\u00e1bados. Efem\u00e9rides, leyendas, sitios tur\u00edsticos, personajes hist\u00f3ricos, cultura,\u00a0 gastronom\u00eda, concursos y la mejor m\u00fasica del folclore venezolano. TRANSMITE: Todos los s\u00e1bados 07:00 a.m. a 12:00 p.m. Redes Sociales:Instagram PRODUCCI\u00d3N:\u00a0Locutores: Miriam Torrealba y El\u00edas Campos Productora: Kemyeli Carola Campos","_links":{"self":[{"href":"https:\/\/radiosensacion.org\/radio\/wp-json\/wp\/v2\/pages\/210","targetHints":{"allow":["GET"]}}],"collection":[{"href":"https:\/\/radiosensacion.org\/radio\/wp-json\/wp\/v2\/pages"}],"about":[{"href":"https:\/\/radiosensacion.org\/radio\/wp-json\/wp\/v2\/types\/page"}],"author":[{"embeddable":true,"href":"https:\/\/radiosensacion.org\/radio\/wp-json\/wp\/v2\/users\/1"}],"replies":[{"embeddable":true,"href":"https:\/\/radiosensacion.org\/radio\/wp-json\/wp\/v2\/comments?post=210"}],"version-history":[{"count":4,"href":"https:\/\/radiosensacion.org\/radio\/wp-json\/wp\/v2\/pages\/210\/revisions"}],"predecessor-version":[{"id":215,"href":"https:\/\/radiosensacion.org\/radio\/wp-json\/wp\/v2\/pages\/210\/revisions\/215"}],"wp:featuredmedia":[{"embeddable":true,"href":"https:\/\/radiosensacion.org\/radio\/wp-json\/wp\/v2\/media\/212"}],"wp:attachment":[{"href":"https:\/\/radiosensacion.org\/radio\/wp-json\/wp\/v2\/media?parent=210"}],"curies":[{"name":"wp","href":"https:\/\/api.w.org\/{rel}","templated":true}]}}